+ -26eee?
-26eea
In base 14, what is -4852 + -27?
-4879
In base 10, what is -3493 - -38?
-3455
In base 13, what is -5a - -21b?
191
In base 5, what is 443434 + 21?
444010
In base 6, what is 302 + -30413?
-30111
In base 7, what is 240024 - 10?
240014
In base 16, what is 3 - a985?
-a982
In base 7, what is 111562 - 422?
111140
In base 5, what is -21 - -3200311?
3200240
In base 9, what is -5 - 77148?
-77154
In base 16, what is -4e + 2b7?
269
In base 11, what is 2aa702 - 1?
2aa701
In base 4, what is -20310 + 23?
-20221
In base 16, what is 21c9 + df?
22a8
In base 4, what is -31 + -222?
-313
In base 7, what is 5 + 1313543?
1313551
In base 12, what is 934733 - -5?
934738
In base 10, what is 80337 + 27?
80364
In base 9, what is 27336 + -3?
27333
In base 15, what is -61c19 + -5?
-61c1e
In base 15, what is -1 - -58255?
58254
In base 6, what is 10225 - -525?
11154
In base 10, what is 28213 + 9?
28222
In base 14, what is -234d + -15?
-2364
In base 4, what is -13121003 - -12?
-13120331
In base 5, what is -102012 + 141?
-101321
In base 8, what is 1234 + -1710?
-454
In base 12, what is 151 - 243?
-b2
In base 10, what is 1 + -183046?
-183045
In base 4, what is -3333231 + 3302?
-3323323
In base 8, what is 3 + 134545?
134550
In base 4, what is 1030 - -122?
1212
In base 12, what is -4 + 152a9?
152a5
In base 11, what is 24 + 411?
435
In base 2, what is 100 - 110110000100111?
-110110000100011
In base 2, what is 10111 + 11101011?
100000010
In base 15, what is 1 - -1e2?
1e3
In base 12, what is 1681a0 + 5?
1681a5
In base 9, what is 153768 + 0?
153768
In base 4, what is 102320 - 32303?
10011
In base 15, what is 7 + -1569c?
-15695
In base 14, what is -6aa + 0?
-6aa
In base 14, what is -52 - 100b?
-105d
In base 8, what is 3 - 1177073?
-1177070
In base 12, what is -4 - -49b5?
49b1
In base 16, what is -1802c + -2?
-1802e
In base 15, what is 2 - a7c2?
-a7c0
In base 9, what is -1 - 1546062?
-1546063
In base 3, what is -20100 + 101002011?
100211211
In base 11, what is -75 + -50?
-115
In base 15, what is 130a7 + -2?
130a5
In base 4, what is -13 - -201301?
201222
In base 10, what is 15 + -38371?
-38356
In base 16, what is 16ba + 2?
16bc
In base 15, what is -400aa + -2?
-400ac
In base 9, what is 8 - -16788?
16807
In base 5, what is -1244214243 - -1?
-1244214242
In base 16, what is -d659 + 3a?
-d61f
In base 13, what is -1 + 571a?
5719
In base 2, what is 10001 + -1110000000101011?
-1110000000011010
In base 2, what is -10 - -10111110011011100?
10111110011011010
In base 16, what is -27f7e1 + 1?
-27f7e0
In base 13, what is 32 - -175?
1a7
In base 6, what is 0 + 1051101?
1051101
In base 10, what is -3562 + -6?
-3568
In base 9, what is -173647 - 11?
-173658
In base 8, what is 2317 + 155?
2474
In base 7, what is -402066 + 5?
-402061
In base 6, what is 4 + 1032251?
1032255
In base 9, what is -13 - 13023?
-13036
In base 9, what is -531027 + 5?
-531022
In base 15, what is be79 - 4?
be75
In base 2, what is -10111 - -101110011111?
101110001000
In base 13, what is 1b + 57?
75
In base 6, what is -3102 + -443?
-3545
In base 3, what is 1 - -110122000021?
110122000022
In base 16, what is 14ce3 - 5?
14cde
In base 11, what is 123 + -60a?
-497
In base 9, what is 48 - -2171?
2230
In base 6, what is -3 + -114144?
-114151
In base 14, what is -1 - 296714?
-296715
In base 8, what is -141605 - -10?
-141575
In base 14, what is 8 - 95da?
-95d2
In base 7, what is 2 + 11541505?
11541510
In base 4, what is 11 + -313131?
-313120
In base 11, what is 5 + -2617?
-2612
In base 15, what is 38 + -44d?
-415
In base 6, what is -312 - 1210?
-1522
In base 9, what is 615236 + -4?
615232
In base 13, what is -846 + -46?
-88c
In base 12, what is 3 + 98956?
98959
In base 14, what is 393c + 3?
3941
In base 16, what is 3a9b + 1?
3a9c
In base 3, what is -122222210 + -101?
-200000011
In base 2, what is 1001000101010001110 + 11?
1001000101010010001
In base 9, what is -6 + -24204?
-24211
In base 2, what is -1001 + -1000010110010001?
-1000010110011010
In base 16, what is 19a92 + -16?
19a7c
In base 10, what is -20 - -40612?
40592
In base 12, what is 403 - 18?
3a7
In base 6, what is -45520104 + 2?
-45520102
In base 4, what is 300 - -11232312?
11233212
In base 5, what is 3 + 212241?
212244
In base 3, what is -112010000 + -22?
-112010022
In base 15, what is -125 + -31?
-156
In base 7, what is -3 + 3142464?
3142461
In base 10, what is 318049 + 6?
318055
In base 2, what is -11000010001 + -111011101?
-11111101110
In base 11, what is -60800 + -2?
-60802
In base 16, what is -1 - 7ca8?
-7ca9
In base 14, what is -54 + -736?
-78a
In base 13, what is -1 - -46b55?
46b54
In base 8, what is -1 + -150172?
-150173
In base 9, what is 2 - -418315?
418317
In base 4, what is -30310 + 223?
-30021
In base 6, what is 21 + 22123?
22144
In base 15, what is -9 + -209d?
-20a7
In base 14, what is 6b30 - 2?
6b2c
In base 12, what is -3b7 + -3173?
-356a
In base 4, what is 100002023 - -2?
100002031
In base 6, what is 52 + -24051?
-23555
In base 4, what is -11 - 2212301?
-2212312
In base 3, what is -10 - 1221112221?
-1221120001
In base 14, what is -16 + -59813?
-59829
In base 6, what is -4 + -213521?
-213525
In base 9, what is -2703 + -11?
-2714
In base 16, what is 13 + -54f?
-53c
In base 7, what is 13006 + 14?
13023
In base 7, what is 432 + 45263?
46025
In base 4, what is 10330 + 2?
10332
In base 13, what is -31a - -44?
-2a6
In base 13, what is a769 + -14?
a755
In base 14, what is -5 + -4b18?
-4b1d
In base 9, what is -221777 - 4?
-221782
In base 12, what is -4 + 145132?
14512a
In base 7, what is 0 + -43234?
-43234
In base 6, what is -13 - -115231?
115214
In base 9, what is -182110 + -13?
-182123
In base 7, what is 11 - -6502?
6513
In base 7, what is -105240 + 114?
-105123
In base 12, what is -5673 + -2?
-5675
In base 10, what is 1390 - -261?
1651
In base 14, what is 0 - -142dd?
142dd
In base 8, what is -47 + -1140?
-1207
In base 12, what is 52 + 9443?
9495
In base 3, what is 110000 - 2011121?
-1201121
In base 12, what is 4 - 6b79?
-6b75
In base 7, what is 51 + -2164?
-2113
In base 5, what is -1000110 + 3?
-1000102
In base 5, what is -1003432 + 0?
-1003432
In base 8, what is 6326 + -16?
6310
In base 11, what is -40 + 1577a?
1573a
In base 9, what is 3 - 11800?
-11786
In base 2, what is -11100111101101001100 + 100?
-11100111101101001000
In base 14, what is 4 - -6b46?
6b4a
In base 6, what is -42 + -450?
-532
In base 9, what is -380013 + 3?
-380010
In base 12, what is -57557 + -10?
-57567
In base 8, what is 750 - -766?
1736
In base 10, what is 287 - -321?
608
In base 13, what is 58c2 + 2?
58c4
In base 14, what is 9 + 2cc7c?
2cc87
In base 14, what is 45 - 1362?
-131b
In base 2, what is 110 - 1001000000001111?
-1001000000001001
In base 3, what is 22 - 110100020?
-110022221
In base 11, what is -12 - 170?
-182
In base 11, what is 202 + -60?
152
In base 2, what is -10 + 11100000100110011?
11100000100110001
In base 6, what is 5230 - -41?
5311
In base 9, what is -2 + 58528?
58526
In base 7, what is 0 + 106624?
106624
In base 4, what is 2010111000 + -1?
2010110333
In base 6, what is -3 + 551432?
551425
In base 9, what is -15 - -204?
178
In base 7, what is -13 + 4311?
4265
In base 13, what is -782 - -a5?
-6aa
In base 10, what is 4095 - 2?
4093
In base 9, what is -11617 + -3?
-11621
In base 16, what is e - -2a8?
2b6
In base 2, what is 100100001111101 + -10001100?
100011111110001
In base 3, what is 110012211210 + -1?
110012211202
In base 2, what is 11101010010 - -11010?
11101101100
In base 11, what is -18 - 567a9?
-56816
In base 7, what is -2351 - 16?
-2400
In base 9, what is 44848 - 47?
44801
In base 16, what is -18 - 4c3?
-4db
In base 8, what is -14 + 14113?
14077
In base 2, what is -11 - -10011011110011000001?
10011011110010111110
In base 14, what is -c6d + 144?
-b29
In base 8, what is -52575 - -7?
-52566
In base 15, what is 72 - -277?
2e9
In base 10, what is -215766 + 2?
-215764
In base 14, what is -a958 - -5?
-a953
In base 11, what is -8 + -103146?
-103153
In base 15, what is -20d9 + c5?
-2014
In base 14, what is -8 - -70d5?
70cb
In base 4, what is 22020201032 - -2?
22020201100
In base 2, what is -1011010 - 110111100?
-1000010110
In base 15, what is -17 - 919?
-931
In base 2, what is -111000110111110010111 - 10?
-111000110111110011001
In base 10, what is 2357 + -156?
2201
I